{"id":37,"date":"2010-02-24T00:03:36","date_gmt":"2010-02-24T00:03:36","guid":{"rendered":"http:\/\/musikschuleneustadt.wordpress.com\/musik-leitung\/"},"modified":"2019-11-05T23:29:42","modified_gmt":"2019-11-05T21:29:42","slug":"musikalische-eitung","status":"publish","type":"page","link":"https:\/\/www.musikschule-neustadt.eu\/?page_id=37","title":{"rendered":"Musikalische Leitung"},"content":{"rendered":"<p style=\"text-align: left;\"><strong>Der musikalische Leiter der Musikschule ist:<\/strong><\/p>\n<h6>Herr Karl Wildenauer, Rabuskyweg 4, 92660 Neustadt a.d.Waldnaab<\/h6>\n<h6>Tel. o9602-2122, E-mail: <a href=\"mailto:karl.wildenauer@t-online.de\">karl.wildenauer@t-online.de<\/a><\/h6>\n<address><img decoding=\"async\" class=\"alignnone size-full wp-image-634\" title=\"wildenauerm1\" src=\"http:\/\/musikschuleneustadt.files.wordpress.com\/2010\/02\/wildenauerm11.jpg\" alt=\"\" width=\"112\" height=\"150\" \/><\/address>\n<address>Karl Wildenauer ist zust\u00e4ndig f\u00fcr die Einstellung der notwendigen Musiklehrer,<br \/>\ndie Einteilung der Unterrichtsstunden und die gesamt-p\u00e4dagogische Leitung.<\/address>\n<address>\u00a0<\/address>\n","protected":false},"excerpt":{"rendered":"<p>Der musikalische Leiter der Musikschule ist: Herr Karl Wildenauer, Rabuskyweg 4, 92660 Neustadt a.d.Waldnaab Tel. o9602-2122, E-mail: karl.wildenauer@t-online.de Karl Wildenauer ist zust\u00e4ndig f\u00fcr die Einstellung der notwendigen Musiklehrer, die Einteilung der Unterrichtsstunden und die gesamt-p\u00e4dagogische Leitung. \u00a0<\/p>\n","protected":false},"author":2,"featured_media":0,"parent":0,"menu_order":0,"comment_status":"closed","ping_status":"closed","template":"","meta":{"_uag_custom_page_level_css":"","footnotes":""},"class_list":["post-37","page","type-page","status-publish","hentry","post"],"uagb_featured_image_src":{"full":false,"thumbnail":false,"medium":false,"medium_large":false,"large":false,"1536x1536":false,"2048x2048":false,"post-thumbnail":false,"vantage-thumbnail-no-sidebar":false,"vantage-slide":false,"vantage-carousel":false,"vantage-grid-loop":false},"uagb_author_info":{"display_name":"Karl","author_link":"https:\/\/www.musikschule-neustadt.eu\/?author=2"},"uagb_comment_info":0,"uagb_excerpt":"Der musikalische Leiter der Musikschule ist: Herr Karl Wildenauer, Rabuskyweg 4, 92660 Neustadt a.d.Waldnaab Tel. o9602-2122, E-mail: karl.wildenauer@t-online.de Karl Wildenauer ist zust\u00e4ndig f\u00fcr die Einstellung der notwendigen Musiklehrer, die Einteilung der Unterrichtsstunden und die gesamt-p\u00e4dagogische Leitung. \u00a0","_links":{"self":[{"href":"https:\/\/www.musikschule-neustadt.eu\/index.php?rest_route=\/wp\/v2\/pages\/37","targetHints":{"allow":["GET"]}}],"collection":[{"href":"https:\/\/www.musikschule-neustadt.eu\/index.php?rest_route=\/wp\/v2\/pages"}],"about":[{"href":"https:\/\/www.musikschule-neustadt.eu\/index.php?rest_route=\/wp\/v2\/types\/page"}],"author":[{"embeddable":true,"href":"https:\/\/www.musikschule-neustadt.eu\/index.php?rest_route=\/wp\/v2\/users\/2"}],"replies":[{"embeddable":true,"href":"https:\/\/www.musikschule-neustadt.eu\/index.php?rest_route=%2Fwp%2Fv2%2Fcomments&post=37"}],"version-history":[{"count":0,"href":"https:\/\/www.musikschule-neustadt.eu\/index.php?rest_route=\/wp\/v2\/pages\/37\/revisions"}],"wp:attachment":[{"href":"https:\/\/www.musikschule-neustadt.eu\/index.php?rest_route=%2Fwp%2Fv2%2Fmedia&parent=37"}],"curies":[{"name":"wp","href":"https:\/\/api.w.org\/{rel}","templated":true}]}}