{"id":42,"date":"2010-02-24T00:06:32","date_gmt":"2010-02-24T00:06:32","guid":{"rendered":"http:\/\/musikschuleneustadt.wordpress.com\/?page_id=42"},"modified":"2022-01-22T00:47:45","modified_gmt":"2022-01-21T22:47:45","slug":"sie-konnen-mitgliedwerden","status":"publish","type":"page","link":"https:\/\/www.musikschule-neustadt.eu\/?page_id=42","title":{"rendered":"Mitglied werden"},"content":{"rendered":"<h3 style=\"text-align: left;\">Wir freuen uns \u00fcber jedes Mitglied.<\/h3>\n<p>&#8211; Sie k\u00f6nnen der Musikschule Neustadt als\u00a0f\u00f6rderndes Mitglied, oder als Mitglied, welches ein Instrument erlernen will, beitreten oder in einem der verschiedenen Ensembles mitspielen.<\/p>\n<p>&#8211; Die Beitragstabelle finden Sie unter <a href=\"https:\/\/www.musikschule-neustadt.eu\/?page_id=40\" target=\"_blank\" rel=\"noopener\">Geb\u00fchren<\/a><\/p>\n<p>&#8211; Unsere Datenschutzvereinbarung f\u00fcr Mitglieder finden Sie <a href=\"\/wp-content\/uploads\/2022\/01\/Datenschutzerklaerung-Musikschule.pdf\" target=\"_blank\" rel=\"noopener\">hier<\/a><\/p>\n<h4>Hier gelangen Sie zum Aufnahmeantrag:<\/h4>\n<h5><a style=\"font-size: 1.1em; background-color: #f1f1f1;\" href=\"http:\/\/www.musikschule-neustadt.eu\/wp-content\/uploads\/Musikschule_Antrag.pdf\" target=\"_blank\" rel=\"noopener noreferrer\">\u2192 Aufnahmeantrag der Musikschule Neustadt e.V.:<\/a><\/h5>\n<p><span dir=\"ltr\" role=\"presentation\">Sie k\u00f6nnen den ausgef\u00fcllten Antrag anschlie\u00dfend ausdrucken und dem musikalischen Leiter<\/span><br role=\"presentation\" \/><span dir=\"ltr\" role=\"presentation\">Herrn Wildenauer zusenden oder einem Vorstandsmitglied zur Weiterleitung geben.<\/span><\/p>\n","protected":false},"excerpt":{"rendered":"<p>Wir freuen uns \u00fcber jedes Mitglied. &#8211; Sie k\u00f6nnen der Musikschule Neustadt als\u00a0f\u00f6rderndes Mitglied, oder als Mitglied, welches ein Instrument erlernen will, beitreten oder in einem der verschiedenen Ensembles mitspielen. &#8211; Die Beitragstabelle finden Sie unter Geb\u00fchren &#8211; Unsere Datenschutzvereinbarung f\u00fcr Mitglieder finden Sie hier Hier gelangen Sie zum Aufnahmeantrag: \u2192 Aufnahmeantrag der Musikschule Neustadt [&hellip;]<\/p>\n","protected":false},"author":1,"featured_media":0,"parent":2362,"menu_order":0,"comment_status":"closed","ping_status":"closed","template":"","meta":{"_uag_custom_page_level_css":"","footnotes":""},"class_list":["post-42","page","type-page","status-publish","hentry","post"],"uagb_featured_image_src":{"full":false,"thumbnail":false,"medium":false,"medium_large":false,"large":false,"1536x1536":false,"2048x2048":false,"post-thumbnail":false,"vantage-thumbnail-no-sidebar":false,"vantage-slide":false,"vantage-carousel":false,"vantage-grid-loop":false},"uagb_author_info":{"display_name":"Sebastian","author_link":"https:\/\/www.musikschule-neustadt.eu\/?author=1"},"uagb_comment_info":0,"uagb_excerpt":"Wir freuen uns \u00fcber jedes Mitglied. &#8211; Sie k\u00f6nnen der Musikschule Neustadt als\u00a0f\u00f6rderndes Mitglied, oder als Mitglied, welches ein Instrument erlernen will, beitreten oder in einem der verschiedenen Ensembles mitspielen. &#8211; Die Beitragstabelle finden Sie unter Geb\u00fchren &#8211; Unsere Datenschutzvereinbarung f\u00fcr Mitglieder finden Sie hier Hier gelangen Sie zum Aufnahmeantrag: \u2192 Aufnahmeantrag der Musikschule Neustadt&hellip;","_links":{"self":[{"href":"https:\/\/www.musikschule-neustadt.eu\/index.php?rest_route=\/wp\/v2\/pages\/42","targetHints":{"allow":["GET"]}}],"collection":[{"href":"https:\/\/www.musikschule-neustadt.eu\/index.php?rest_route=\/wp\/v2\/pages"}],"about":[{"href":"https:\/\/www.musikschule-neustadt.eu\/index.php?rest_route=\/wp\/v2\/types\/page"}],"author":[{"embeddable":true,"href":"https:\/\/www.musikschule-neustadt.eu\/index.php?rest_route=\/wp\/v2\/users\/1"}],"replies":[{"embeddable":true,"href":"https:\/\/www.musikschule-neustadt.eu\/index.php?rest_route=%2Fwp%2Fv2%2Fcomments&post=42"}],"version-history":[{"count":0,"href":"https:\/\/www.musikschule-neustadt.eu\/index.php?rest_route=\/wp\/v2\/pages\/42\/revisions"}],"up":[{"embeddable":true,"href":"https:\/\/www.musikschule-neustadt.eu\/index.php?rest_route=\/wp\/v2\/pages\/2362"}],"wp:attachment":[{"href":"https:\/\/www.musikschule-neustadt.eu\/index.php?rest_route=%2Fwp%2Fv2%2Fmedia&parent=42"}],"curies":[{"name":"wp","href":"https:\/\/api.w.org\/{rel}","templated":true}]}}